thousands digit of 369126342?
2
What is the billions digit of 4384411577?
4
What is the hundred thousands digit of 83257674?
2
What is the hundred millions digit of 132930722?
1
What is the tens digit of 293574502?
0
What is the hundreds digit of 303984282?
2
What is the hundred thousands digit of 45332304?
3
What is the units digit of 2940326489?
9
What is the ten thousands digit of 420702306?
0
What is the millions digit of 65957773?
5
What is the tens digit of 45730625?
2
What is the thousands digit of 204081740?
1
What is the ten thousands digit of 4253458?
5
What is the millions digit of 17979918?
7
What is the ten millions digit of 1125790931?
2
What is the thousands digit of 744736?
4
What is the thousands digit of 40349967?
9
What is the hundred thousands digit of 33140230?
1
What is the thousands digit of 649948567?
8
What is the tens digit of 391769370?
7
What is the millions digit of 51612548?
1
What is the tens digit of 156937029?
2
What is the ten millions digit of 897398281?
9
What is the ten millions digit of 1845230700?
4
What is the billions digit of 1592806058?
1
What is the ten millions digit of 19077175?
1
What is the hundreds digit of 617234990?
9
What is the units digit of 379712464?
4
What is the units digit of 46449347?
7
What is the millions digit of 52656441?
2
What is the thousands digit of 320783238?
3
What is the thousands digit of 498323337?
3
What is the hundreds digit of 347392400?
4
What is the ten millions digit of 1601609792?
0
What is the ten thousands digit of 1719962480?
6
What is the hundreds digit of 16409318?
3
What is the tens digit of 1359106292?
9
What is the hundred millions digit of 2950873288?
9
What is the millions digit of 164980519?
4
What is the ten millions digit of 158653071?
5
What is the ten millions digit of 1598558050?
9
What is the hundreds digit of 144168096?
0
What is the millions digit of 396701497?
6
What is the thousands digit of 289005820?
5
What is the hundred millions digit of 139922200?
1
What is the units digit of 98272290?
0
What is the tens digit of 142711760?
6
What is the thousands digit of 154632619?
2
What is the ten thousands digit of 2658413258?
1
What is the units digit of 4314533934?
4
What is the units digit of 518242?
2
What is the units digit of 173269391?
1
What is the thousands digit of 987699744?
9
What is the thousands digit of 658401984?
1
What is the hundreds digit of 35468637?
6
What is the thousands digit of 75880006?
0
What is the hundreds digit of 185635587?
5
What is the ten millions digit of 12416429?
1
What is the tens digit of 403597870?
7
What is the tens digit of 151061435?
3
What is the ten millions digit of 735366245?
3
What is the hundred thousands digit of 1143025337?
0
What is the thousands digit of 77376923?
6
What is the thousands digit of 344809359?
9
What is the thousands digit of 279246037?
6
What is the tens digit of 484997672?
7
What is the hundreds digit of 60723531?
5
What is the units digit of 4497140845?
5
What is the thousands digit of 1335662920?
2
What is the ten millions digit of 283354527?
8
What is the billions digit of 4808782406?
4
What is the ten thousands digit of 114788435?
8
What is the hundred thousands digit of 1765185176?
1
What is the ten millions digit of 370396425?
7
What is the units digit of 3118550015?
5
What is the tens digit of 306767402?
0
What is the thousands digit of 60647444?
7
What is the millions digit of 98447617?
8
What is the ten thousands digit of 4366573024?
7
What is the hundreds digit of 603223961?
9
What is the units digit of 782603404?
4
What is the units digit of 1219240353?
3
What is the hundred thousands digit of 1680551802?
5
What is the thousands digit of 342280373?
0
What is the ten thousands digit of 2700143661?
4
What is the ten thousands digit of 34585431?
8
What is the tens digit of 170019249?
4
What is the thousands digit of 2118080655?
0
What is the ten thousands digit of 19146167?
4
What is the ten thousands digit of 278353073?
5
What is the hundreds digit of 115557544?
5
What is the ten thousands digit of 51324303?
2
What is the ten millions digit of 1538068582?
3
What is the hundreds digit of 41615035?
0
What is the hundreds digit of 168830415?
4
What is the units digit of 82626054?
4
What is the tens digit of 189156865?
6
What is the millions digit of 497606816?
7
What is the ten thousands digit of 46600693?
0
What is the tens digit of 1108121133?
3
What is the ten millions digit of 409560299?
0
What is the tens digit of 1059569551?
5
What is the ten millions digit of 336205680?
3
What is the hundreds digit of 605428217?
2
What is the thousands digit of 46927095?
7
What is the units digit of 323806774?
4
What is the millions digit of 3216012751?
6
What is the hundred thousands digit of 758509719?
5
What is the thousands digit of 347585059?
5
What is the tens digit of 100593534?
3
What is the tens digit of 304338393?
9
What is the ten millions digit of 260445336?
6
What is the hundred thousands digit of 836877024?
8
What is the ten thousands digit of 19474925?
7
What is the hundred thousands digit of 121695674?
6
What is the ten thousands digit of 19170242?
7
What is the hundred millions digit of 112601132?
1
What is the hundred thousands digit of 452874008?
8
What is the thousands digit of 5565431?
5
What is the tens digit of 731098435?
3
What is the hundred thousands digit of 128764279?
7
What is the ten thousands digit of 3034060494?
6
What is the tens digit of 2036105956?
5
What is the hundred thousands digit of 2697348758?
3
What is the ten millions digit of 11197202?
1
What is the tens digit of 171410854?
5
What is the ten millions digit of 94109680?
9
What is the thousands digit of 238027751?
7
What is the hundred millions digit of 762679306?
7
What is the millions digit of 1907398778?
7
What is the thousands digit of 96343319?
3
What is the hundred thousands digit of 39086737?
0
What is the millions digit of 131229083?
1
What is the units digit of 851688537?
7
What is the ten thousands digit of 2711203201?
0
What is the ten millions digit of 28963205?
2
What is the ten millions digit of 75943118?
7
What is the millions digit of 766575816?
6
What is the thousands digit of 2360468282?
8
What is the hundreds digit of 37321306?
3
What is the ten thousands digit of 37417017?
1
What is the millions digit of 2026190803?
6
What is the hundred thousands digit of 118545978?
5
What is the thousands digit of 258503919?
3
What is the thousands digit of 12620928?
0
What is the hundred thousands digit of 2804416?
8
What is the hundred thousands digit of 67896748?
8
What is the ten millions digit of 497840862?
9
What is the ten thousands digit of 1059744266?
4
What is the hundred thousands digit of 20638644?
6
What is the units digit of 43075646?
6
What is the tens digit of 3322367405?
0
What is the ten thousands digit of 408934919?
3
What is the millions digit of 1121392531?
1
What is the tens digit of 376286370?
7
What is the units digit of 1972410484?
4
What is the units digit of 470144015?
5
What is the ten thousands digit of 463110238?
1
What is the ten millions digit of 25913399?
2
What is the millions digit of 2278897?
2
What is the hundreds digit of 234621505?
5
What is the hundred millions digit of 2222747292?
2
What is the ten millions digit of 3504021035?
0
What is the tens digit of 106243205?
0
What is the hundred thousands digit of 389429308?
4
What is the hundred millions digit of 253948501?
2
What is the units digit of 5132676893?
3
What is the millions digit of 593038482?
3
What is the hundreds digit of 461093805?
8
What is the billions digit of 3231878308?
3
What is the units digit of 33105667?
7
What is the ten thousands digit of 430194868?
9
What is the millions digit of 662013733?
2
What is the ten thousands digit of 79241834?
4
What is the units digit of 308035435?
5
What is the hundreds digit of 56572386?
3
What is the tens digit of 579688946?
4
What is the hundreds digit of 13011458?
4
What is the billions digit of 1776982696?
1
What is the tens digit of 22004599?
9
What is the millions digit of 171768844?
1
What is the millions digit of 1255463176?
5
What is the thousands digit of 463417996?
7
What is the ten thousands digit of 60068022?
6
What is the million